z**2 + 23*z - 21. Let b(m) = -8*d(m) + 3*g(m). Let l be b(-3). Let u = 2021 + l. Is u a prime number?
True
Suppose 0 = n + 4*k - 5, 0 = n + k + 1. Let f(y) = -109*y**2 + 2*y + 9. Let h be f(n). Let w = h - -1532. Is w composite?
True
Let x = 225551 - 153918. Is x prime?
True
Suppose -10*a - 1315 - 15835 = 0. Let b = a + 4192. Is b composite?
False
Let i be -4*(5/(-2) + 2)*-2. Let c(h) = -23*h - 69. Is c(i) prime?
True
Let z(i) = 9690*i**3 - 3*i - 4. Let g(j) = -19381*j**3 + j**2 + 7*j + 10. Let h(d) = 2*g(d) + 5*z(d). Is h(1) a prime number?
True
Let f = -61708 + 103119. Is f prime?
True
Suppose 0 = -r + u - 8, -3*r + 10 = 5*u + 2. Is 307*r*((-225)/20)/9 composite?
True
Suppose 6 = 26*w - 25*w, -2*w = -3*j + 171. Suppose -1824 = -0*m - 4*m. Suppose -m - j = -q. Is q prime?
False
Suppose 5*o + 76476042 = 59*o. Is o prime?
True
Suppose 0 = -4*x + 4, -2*b = -x - 7605 - 7856. Suppose 0*o - b = -3*o + 2*y, -5*y + 10331 = 4*o. Is o composite?
False
Suppose 6*v - 514 - 2336 = 0. Suppose n + 4*i - 3626 + v = 0, n = 2*i + 3169. Is n a prime number?
True
Is (-1*(20/(-4))/(-15))/(11/(-4052697)) a composite number?
True
Suppose -5 = u - 13. Suppose -3*k + 12 = 0, 323 = -3*t + u*t + 2*k. Is (-6)/(-27) + 41251/t composite?
True
Suppose 0 = 6*h + 31 - 307. Suppose -5*f - 50 = 5*b, -3*b - 12 = -5*f - h. Let o = 61 - f. Is o composite?
True
Suppose 3*o = 5*v - 270, 5*v - 45 = 4*o + 230. Let n = 52 - v. Let z(a) = 288*a**2 + 4*a - 3. Is z(n) a composite number?
True
Suppose 5*z + 578521 = 3*h, 964187 = 164*h - 159*h - z. Is h a composite number?
True
Let b(a) = -202*a**2 - 1. Suppose -4*z - 3*r - 2 = 0, z = 4*r + 5 + 4. Let i be b(z). Let k = 300 + i. Is k composite?
False
Let h(j) = -103*j**2 - 2*j - 2. Let d be h(-1). Let s = -2175 + 1291. Let z = d - s. Is z a composite number?
True
Suppose 2*u + 3*d = 5*d - 7726, -11564 = 3*u + 2*d. Let x = 2113 - u. Is x a prime number?
False
Let c = -48 - 2. Let k be 4 + ((-2)/1 - c/(-5)). Let h(w) = 10*w**2 + 10*w + 27. Is h(k) a prime number?
True
Let m be (-46)/4 + 12 + (-19)/2. Let x(y) be the second derivative of y**4/4 + 5*y**3/2 + 11*y**2/2 + 3*y. Is x(m) prime?
False
Let c be (-12)/(-21) + 242466/147. Suppose 14*k - 62708 = c. Is k a composite number?
False
Suppose 0 = -6*o + 9*o + 26829. Let b = o + 5058. Let s = b + 5786. Is s prime?
True
Let y = 79 - 79. Suppose y = -0*m - 4*m + 5*b + 16449, -4*m + 16447 = -3*b. Is m prime?
True
Let g be (0 - (-11 - -83)) + (-4)/1. Let l(a) = 4*a**2 + 2*a - 9. Let y be l(6). Let w = y + g. Is w prime?
True
Let p be 134/(-3) - (-2)/3. Let b(y) = -132*y - 95. Let m be b(-3). Let i = m + p. Is i prime?
True
Suppose o = 3*s + 12, -3*o + 0*s + 24 = 3*s. Let i(j) = 83*j**2 - 24*j + 14. Is i(o) a prime number?
True
Let x = -74993 + 162300. Let a = x + -57018. Is a composite?
True
Let b be (-4 - -2)/(-1 - -3). Let v be (-3 - b)*(-145)/(-10). Let f = 24 - v. Is f prime?
True
Suppose 0 = -5*b + 2*i + 2, 0 = -b - 0*b - 5*i + 22. Suppose j + 11703 = 4*k, b*k + 2*j - 1625 - 4239 = 0. Is k prime?
True
Let n(m) = m - 1. Let s(l) = 12*l**2 + l - 8. Let y(i) = -5*n(i) + s(i). Let h be y(4). Suppose 3*k - 325 - h = 4*o, -k = -5*o - 166. Is k prime?
False
Let a(w) = 3707*w - 7649. Is a(54) composite?
False
Let o(t) = 1776*t**3 + 5*t**2 - 41*t + 233. Is o(6) composite?
True
Suppose 18 = -5*z + 4*n, 3 = -4*z - 5*n + 5. Let h be (-100)/(-8) - z/(-4). Suppose 17*a - 955 = h*a. Is a prime?
True
Suppose 106*v = 113*v - 140. Is ((-3061)/(-2))/((4 + 6)/v) a prime number?
True
Let v be -4 - 95/6 - 2/12. Let g be (134*38/(-8))/(v/(-120)). Let q = -314 - g. Is q a prime number?
False
Let r be (4/7 + (-33 - -32))*-7. Is (-1)/r*(-68202 + -15) composite?
False
Let n = 2422 - 1428. Suppose 5*d - 4758 = -f + n, -f = 2*d - 2299. Is d a prime number?
True
Suppose -17*j = -20*j + 30. Suppose l + j*l - 47509 = 0. Is l prime?
False
Suppose -2*m - 12 = -3*l - l, 6 = 3*l - 3*m. Suppose t + 2 = -t, 3*d = -l*t + 182. Is d a composite number?
True
Let w be ((-204)/(-34))/(3/(-2)). Is 24/w - -4 - -20153 - -2 composite?
True
Suppose 14*v = 13*v + 5. Suppose d - 10 - 16 = 4*g, 11 = -3*g + v*d. Let q(l) = 23*l**2 + 7*l + 31. Is q(g) composite?
False
Let i(u) = 12681*u - 9233. Is i(60) composite?
False
Suppose 3*d + 4*x = 539663, 68*d - 66*d + 5*x - 359759 = 0. Is d composite?
False
Suppose 2*h - 13 + 3 = 0. Suppose -q = -h*q - 6*q. Suppose 2*w - 183 = 5*r, q = 2*w - 4*r - 251 + 73. Is w prime?
True
Let c(n) = -n**3 + 14*n**2 - 4*n + 15. Let m be c(11). Suppose 4*v - 90 = -m. Let o = 18 - v. Is o prime?
True
Let d = 6 - 9. Let h be ((-4)/(-6) - 22/d) + 0. Is ((-4)/h)/(1/(-442)) a composite number?
True
Let r be -1 + (-11 - -1)*-1. Suppose -4*q + r*q - 14 = -y, -2*y - 24 = -3*q. Is (118/y)/((-1)/3) prime?
True
Suppose 2*z + 2 = 2. Let m be 6/(z + 5 - 3). Suppose 3*r - 4*x = 995, 339 = r - 2*x - m*x. Is r a prime number?
False
Suppose 2*t = -2, 1 = -d + 4*t + 9. Suppose -4*p = -3*g + p - 16, 3*g + 5*p = d. Is (-6 + 1)*(-1009)/(-10)*g a prime number?
True
Suppose -9688 = -9*p + 23261. Is (p/14)/(1/14) composite?
True
Suppose 543741 = 128*c - 95*c. Is c composite?
False
Let o = -1036862 - -1934655. Is o composite?
True
Let g be -154 + 2 + (-5)/(-5). Let r = -327 - g. Let c = r + 295. Is c a composite number?
True
Suppose 2009156 = -733*n + 48241665. Is n composite?
False
Suppose -y - 3*y = 3*u - 239, 161 = 2*u + 3*y. Let d = -64 + u. Suppose -d*p - 15421 = -16*p. Is p a prime number?
True
Let q(t) = 5449*t + 1276. Is q(13) a composite number?
True
Let y be 2 + 3 - 8/12*-25722. Let c = y + -1096. Is c composite?
False
Let s(v) = -49*v - 53*v + 86*v + 233*v**2 - 5. Is s(4) composite?
False
Suppose -5*r - 235 = -10*r. Let q = r + -39. Is q/(-10) - 567/(-15) composite?
False
Suppose -5*z - 2*b = 127910, 2*b - 96013 = 4*z + 6333. Let c = -11273 - z. Is c a composite number?
True
Let b(k) = -3138*k**3 + 15*k**2 - 15*k + 31. Is b(-4) a prime number?
True
Let j = -21272 + 75174. Is j a prime number?
False
Let f = 80 + 280. Is 10/f*9 + 282859/4 a composite number?
True
Suppose -45 = 11*c - 14*c. Is (7/5 + (-6)/c)*4703 composite?
False
Let m be ((-2132)/(-2))/(4/8) - -4. Let x = 943 + m. Is x prime?
True
Suppose -2*x - x - 219 = 0. Let u = 118 - -578. Let g = u - x. Is g a composite number?
False
Suppose -4*v = 2*o - 48026, 0*v - 96042 = -4*o + 2*v. Is o composite?
True
Suppose -16*h + 18*h + 6 = 4*v, 0 = 2*h - v - 9. Suppose -5*y + 24 = -3*y. Suppose y*n = h*n + 9865. Is n composite?
False
Let m = -296507 + 968136. Is m composite?
True
Let f(z) = -5*z**3 + 23*z**2 + 60*z + 29. Let b be f(-25). Suppose 0 = -0*s + 19*s - b. Is s a prime number?
False
Is (-12 - -11)/((-9)/376713) composite?
True
Suppose 0*q = 12*q - 165240. Let i = -3317 + q. Is i prime?
True
Let n(d) = -11*d**2 + 4*d - 3. Let o(r) = 9*r**2 - 4*r + 4. Let t(p) = -4*n(p) - 3*o(p). Let y(w) = w**2 + 5*w - 3. Let i be y(-6). Is t(i) composite?
True
Let l = -21345 + 22594. Is l a composite number?
False
Let w be ((-9)/2)/((-10)/4140). Suppose 0 = h + 110 - w. Is h a composite number?
False
Suppose -3779*x + 2546277 = -3762*x. Is x composite?
True
Let m(l) = 244*l**2 - 5*l + 5*l + 7 - 4*l. Suppose -r - 1 = -f + 4, -5*r - 7 = 4*f. Is m(r) a prime number?
False
Suppose -4*q = 11*q - 75. Let y(x) = 2927*x - 116. Is y(q) a composite number?
False
Suppose -2*m = 3*p - 1489, 4*p + 3*m = 2*m + 1977. Suppose l + p + 399 = 0. Let w = l - -1273. Is w a prime number?
False
Let s = -66935 - -137543. Suppose 0*p = 16*p - s. Is p composite?
True
Suppose -645*k + 649*k - 184532 = 0. Is k a composite number?
False
Suppose -59*d + 56*d + 1145764 = 2*j, 2*j - d - 1145740 = 0. Is j a composite number?
True
Let i(b) = 5*b**3 - 3*b**2 - 33. Let l(d) = 11*d**3 - 4*d**2 + d - 66. Let f(g) = 5*i(g) - 3*l(g). Is f(-8) a prime number?
False
Let u = 29349 - 19220. Is u composite?
True
Let u be (1 - 1/(-1))/(4/(-826)). Let v = -257 - u. Suppose -3*x + v + 201 = 0. Is x a prime number?
False
Suppose -158 = -3*u - 59. Suppose 5*m + 12 = -3*h, -2*m - u = 4*h - m. Let k(a) = -50*a + 17. Is k(h) a prime number?
True
Suppose 6*y - 6703 = -3*l + 4*y, 4*l = 3*y + 8909. Is l a prime number?
False
Let u(j) = j**2 + 11*j + 641. Is u(-66) a composite number?
False
Suppose 4*o = -84 + 108. Is 158760/198 - o/(-33) pr